+ 66. What is y(7)?
-18
Let b(l) = l**2 - 48*l + 475. Give b(15).
-20
Let d(g) = 22039*g - 44095. Determine d(2).
-17
Let z(l) = -2*l**3 + 138*l**2 + 284*l - 84. What is z(71)?
-84
Let j(a) = 11*a + 44. What is j(-8)?
-44
Let k(r) = r**3 - 49*r**2 + 251*r + 298. Calculate k(43).
-3
Let f(c) = -54*c - 197. Determine f(-7).
181
Let q(z) = 324*z - 3894. What is q(12)?
-6
Let n(u) = u**3 + 174*u**2 - 1269*u - 339. Determine n(-181).
23
Let l(w) = w**2 - 4*w - 2015. Calculate l(-43).
6
Let z(k) = -k**2 - 11*k + 90. Calculate z(-14).
48
Let r(q) = -37*q + 63. What is r(0)?
63
Let t(g) = -63*g - 111. Calculate t(-4).
141
Let i(l) = -53*l**2 + 757*l - 199. Determine i(14).
11
Let x(w) = -w**3 - 16*w**2 - 142*w - 1876. Give x(-15).
29
Let m(n) = -3*n**3 + 17*n**2 - 23*n + 116. What is m(5)?
51
Let p(h) = 64*h**2 - 318*h + 15. Calculate p(5).
25
Let n(w) = -1137*w - 25054. Calculate n(-22).
-40
Let r(p) = 600*p - 2397. Calculate r(4).
3
Let n(b) = -b**3 - 2*b**2 + 25*b + 67. Calculate n(-4).
-1
Let o(s) = s**3 + 45*s**2 + 11*s + 496. Determine o(-45).
1
Let n(s) = -12*s + 800. Give n(66).
8
Let o(h) = -16*h**2 - 5*h - 5. Give o(-1).
-16
Let h(z) = 2*z**3 + 80*z**2 + 78*z - 13. Give h(-39).
-13
Let u(p) = p**2 - 34*p - 15. Calculate u(35).
20
Let g(d) = -95*d**2 + 40*d + 63. Determine g(-2).
-397
Let z(k) = -2*k**2 - 21*k. Calculate z(12).
-540
Let k(l) = -8*l + 32. What is k(6)?
-16
Let i(o) = -49*o**2 - 557*o + 557. Calculate i(1).
-49
Let m(r) = r**3 + 9*r**2 - 6*r + 24. What is m(-8)?
136
Let d(k) = -9*k**3 + 7*k**2 - 10*k - 6. Give d(2).
-70
Let u(n) = -n**3 - 6*n**2 + 190*n - 24. Calculate u(11).
9
Let n(s) = 309*s - 9888. What is n(32)?
0
Let i(g) = g**2 + 73*g - 447. Give i(-84).
477
Let y(i) = i**3 - 77*i**2 - 246*i + 360. What is y(80)?
-120
Let m(d) = -3*d**2 + 14*d + 1344. Determine m(-19).
-5
Let z(b) = 28*b - 563. Calculate z(48).
781
Let v(t) = t**3 + 102*t**2 - 426*t - 203. What is v(-106)?
9
Let i(w) = w**3 + 59*w**2 - 185*w + 75. Give i(-62).
13
Let h(o) = -o**2 - 52*o + 171. Give h(-55).
6
Let k(j) = -2*j**2 - 264*j - 2819. What is k(-12)?
61
Let q(y) = -93*y - 380. Determine q(-4).
-8
Let u(x) = x**2 - 22*x - 549. What is u(37)?
6
Let t(i) = -4*i**2 - 25*i + 3. Calculate t(-9).
-96
Let t(d) = 23*d - 1651. What is t(71)?
-18
Let g(l) = -2*l**3 + 111*l**2 - 49*l - 337. Give g(55).
-7
Let f(v) = -v**3 + 16*v**2 + 25*v - 108. Calculate f(17).
28
Let j(o) = o**3 - 11*o**2 + 6*o - 32. Determine j(7).
-186
Let v(r) = -118*r + 938. What is v(8)?
-6
Let k(z) = 2*z**2 - 180*z + 353. Give k(88).
1
Let s(u) = 27*u**2 + 159*u - 30. Give s(-6).
-12
Let a(k) = k**2 + 208*k - 18802. Calculate a(68).
-34
Let q(k) = -2*k**3 - 17*k**2 + 17*k + 5. Calculate q(-9).
-67
Let y(i) = i**2 - 7307*i - 80498. Calculate y(-11).
0
Let p(x) = -45*x - 338. Calculate p(-5).
-113
Let g(h) = -16*h**2 - 158*h - 337. Calculate g(-3).
-7
Let l(s) = -213*s + 70521. What is l(331)?
18
Let s(h) = -h**2 - 93*h + 694. Calculate s(7).
-6
Let p(l) = -3*l**3 + 113*l**2 - 176*l - 137. Calculate p(36).
7
Let x(p) = 47*p**2 + 931*p - 207. What is x(-20)?
-27
Let h(l) = l**3 + 13*l**2 + 6*l - 23. Determine h(-12).
49
Let y(n) = -2*n**3 - 40*n**2 - 40*n + 10. Determine y(-19).
48
Let v(c) = 25*c - 103. Give v(9).
122
Let z(h) = h**2 + 52*h - 169. Determine z(-53).
-116
Let y(q) = q**3 - 13*q**2 - 28*q + 16. Calculate y(14).
-180
Let i(o) = o**3 + 12*o**2 - 7*o - 43. Calculate i(-12).
41
Let y(z) = z**3 - 94*z + 31. Determine y(-10).
-29
Let w(u) = 88*u + 1032. Determine w(-12).
-24
Let n(g) = 25*g - 14. Give n(2).
36
Let r(o) = o**3 - 10*o**2 - 22*o + 205. Determine r(10).
-15
Let g(l) = -l**2 + 38*l - 243. Give g(24).
93
Let u(a) = -53*a + 68. Give u(6).
-250
Let m(a) = a**2 + 93*a + 143. Give m(-91).
-39
Let s(j) = 10*j**3 - 118*j**2 + 60*j + 314. What is s(11)?
6
Let q(t) = -2*t**3 + 97*t**2 + 4927*t - 48. Determine q(-31).
14
Let k(r) = r**3 - 12*r**2 + 34*r - 482. What is k(12)?
-74
Let j(l) = l**3 + 33*l**2 + 8*l + 263. Calculate j(-33).
-1
Let f(a) = 83*a + 1006. Calculate f(-12).
10
Let z(g) = g**3 - 33*g**2 + 197*g + 54. Give z(25).
-21
Let v(r) = r**3 + 179*r**2 - 550*r - 727. Determine v(-182).
1
Let s(j) = j**3 + 9*j**2 - 31*j + 62. Give s(-12).
2
Let a(c) = 75*c + 220. Calculate a(-3).
-5
Let f(m) = -119*m - 4411. Determine f(-37).
-8
Let u(m) = 1302*m**2 - 6515*m + 30. Calculate u(5).
5
Let v(h) = -h**2 - 225*h + 1632. Calculate v(7).
8
Let p(k) = 2*k**3 + 25*k**2 + 76*k - 3. Give p(-5).
-8
Let z(j) = -39*j - 758. Determine z(-25).
217
Let u(n) = 334*n - 9369. Determine u(28).
-17
Let y(g) = g**3 - 117*g**2 + 69*g + 5459. Give y(116).
7
Let x(q) = 7*q - 163. Determine x(23).
-2
Let y(l) = l**2 + 18*l - 18968. Determine y(129).
-5
Let d(z) = 10*z**2 - 54*z - 133. Calculate d(-3).
119
Let d(f) = 202*f - 178. Calculate d(1).
24
Let x(t) = -7*t**2 + 411*t + 537. What is x(60)?
-3
Let x(a) = -a**3 - 29*a**2 - 78*a + 539. Determine x(-7).
7
Let g(o) = -5*o**2 - 186*o - 1537. Give g(-24).
47
Let r(h) = 23*h**3 + 2*h**2 + 17*h + 16. What is r(-1)?
-22
Let g(i) = 19*i**2 + 327*i + 55. Calculate g(-17).
-13
Let h(l) = 6*l**2 + 286*l - 44. Determine h(-48).
52
Let d(q) = -261*q + 860. Determine d(4).
-184
Let l(v) = 376*v - 2623. Calculate l(7).
9
Let p(x) = -429*x + 1279. Determine p(3).
-8
Let g(s) = -47*s - 491. What is g(-15)?
214
Let t(k) = -4*k**3 - 155*k**2 + 173*k + 5219. What is t(-39)?
-7
Let n(w) = w**3 - 14*w**2 - 18*w + 35. Determine n(15).
-10
Let a(l) = 250*l + 261. Calculate a(-1).
11
Let x(d) = 8*d**2 - 171*d - 32. Calculate x(24).
472
Let n(v) = -200*v + 6192. What is n(31)?
-8
Let x(d) = 8*d**2 - 17*d + 3. Calculate x(3).
24
Let u(h) = -2*h**3 + 5*h**2 + h + 112. What is u(0)?
112
Let j(f) = -2*f**2 + 116. Calculate j(-7).
18
Let p(d) = d**2 + 43*d - 142. Calculate p(-46).
-4
Let p(z) = -4*z**2 + 71*z - 215. Determine p(17).
-164
Let z(i) = 2083*i + 10397. Give z(-5).
-18
Let n(q) = q**2 + 67*q + 1109. Determine n(-30).
-1
Let m(j) = -166*j - 130. Determine m(1).
-296
Let b(a) = 8*a + 580. Give b(0).
580
Let y(n) = n**2 + 7*n - 7. What is y(1)?
1
Let t(m) = -39*m - 5024. Determine t(-133).
163
Let l(u) = u**2 + 33*u - 120. Determine l(3).
-12
Let h(w) = -w**3 + 19*w**2 - 45*w + 165. Determine h(16).
213
Let o(a) = -a**3 - 33*a**2 - 138*a - 2342. Determine o(-31).
14
Let k(l) = -201*l**2 + 14269*l + 136. What is k(71)?
-6
Let m(w) = 3*w**3 + 131*w**2 + 87*w + 27. Determine m(-43).
-16
Let j(b) = b**3 + 23*b**2 + 115*b - 35. Give j(-15).
40
Let j(d) = -2*d**2 + 32*d - 23. What is j(11)?
87
Let z(y) = 9*y - 22. Calculate z(-2).
-40
Let f(w) = 2*w**2 - 11*w + 20. Calculate f(-6).
158
Let x(h) = h**3 + 12*h**2 + 20*h + 701. Give x(-14).
29
Let j(z) = z**2 - 38*z + 248. What is j(30)?
8
Let u(h) = 477*h - 1463. Give u(3).
-32
Let j(o) = -2*o**2 - 152*o + 2546. What is j(14)?
26
Let a(k) = 29*k**2 + 2*k + 10. Calculate a(-3).
265
Let p(t) = -3*t**2 - 11*t + 433. What is p(-14)?
-1
Let v(h) = -7*h + 20. Give v(-3).
41
Let t(k) = -k**3 - 15*k**2 - 3*k - 15. What is t(-6)?
-321
Let w(d) = -d**3 - 29*d**2 - 193*d - 27. What is w(-10)?
3
Let o(c) = c**2 - 142*c - 1309. Calculate o(151).
50
Let w(f) = f**3 + 4*f**2 + 7*f - 13. What is w(-7)?
-209
Let o(s) = -s**3 + s**2 + 15*s + 14. Calculate o(4).
26
Let c(k) = -k**3 - 96*k**2 + 2*k + 180. What is c(-96)?
-12
Let m(h) = 2*h**3 + 17*h**2 - 56*h - 15. Calculate m(3).
24
Let f(p) = p**3 - 17*p**2 + 30*p - 19. Calculate f(0).
-19
Let l(a) = 19*a - 400. Give l(18).
-58
Let d(m) = 7671*m + 61366. What is d(-8)?
-2
Let c(z) = z - 23. Determine c(0).
-23
Let a(d) = 541*d + 58964. Calculate a(-109).
-5
Let s(t) = 92*t**2 - 19*t + 40. Determine s(2).
370
Let w(l) = l**2 + 28*l + 86. Determine w(-15).
-109
Let j(v) = 2*v**3 - 139*v**2 + 72*v - 180. Calculate j(69).
27
Let l(a) = 3*a**3 + 5*a**2 + 12*a + 23. Determine l(-2).
-5
Let p(u) = -143*u - 20184. What is p(-141)?
-21
Let v(y) = -y**3 - 8*y**2 + 8*y - 12. Give v(-5).
-127
Let g(l) = l**3 - 21*l**2 + 35*l + 4. Give g(19).
-53
Let p(l) = -20*l + 22. What is p(5)?
-78
Let c(s) = s**3 - 44*s**2 - 102*s + 465. What is c(46)?
5
Let v(z) = 3838*z + 49889. What is v(-13)?
-5
Let k(n) = 2036*n + 12117. Determine k(-6).
-99
Let u(f) = -82*f + 404. Give u(5).
-6
Let b(x) = -x**3 + 119*